01 (base 3) in base 4?
2101
What is -72c1 (base 15) in base 7?
-130501
What is 1446 (base 7) in base 8?
1075
Convert 100000102 (base 3) to base 15.
1e32
Convert 50 (base 9) to base 14.
33
What is 23100 (base 4) in base 7?
2046
What is -6612 (base 8) in base 2?
-110110001010
-1002020 (base 3) to base 6
-3353
10022214 (base 5) to base 11
54960
Convert -5a37 (base 13) to base 2.
-11000110110001
Convert 5321 (base 6) to base 4.
102301
Convert -13552 (base 6) to base 14.
-b00
1986 (base 13) to base 16
ef4
What is 10222020 (base 3) in base 11?
21a2
-10737 (base 8) to base 6
-33103
What is 400 (base 6) in base 5?
1034
What is 399 (base 16) in base 5?
12141
-116 (base 7) to base 13
-4a
What is 14050 (base 14) in base 16?
c136
Convert -6804 (base 9) to base 8.
-11642
-790 (base 13) to base 9
-1704
5222 (base 6) to base 15
52b
What is -1242 (base 8) in base 4?
-22202
-2463 (base 7) to base 3
-1021100
What is 2877c (base 13) in base 11?
520a7
-3b1 (base 14) to base 13
-452
What is 1220150 (base 6) in base 8?
176542
Convert 10323020 (base 4) to base 9.
30588
What is 23203 (base 4) in base 9?
1011
What is -10436 (base 9) in base 5?
-210133
-12001 (base 6) to base 7
-5020
What is -47460 (base 9) in base 2?
-111101111101101
-478 (base 15) to base 10
-1013
Convert -1202122 (base 3) to base 15.
-5ab
Convert 2220102212 (base 3) to base 5.
3312212
1d4 (base 14) to base 16
17e
361b (base 15) to base 14
4297
What is -32030200 (base 4) in base 8?
-161440
What is 200221 (base 4) in base 7?
6043
-20003 (base 4) to base 13
-308
What is 425 (base 11) in base 7?
1330
What is -4043 (base 5) in base 8?
-1013
Convert 612 (base 15) to base 4.
111113
Convert 54027 (base 8) to base 11.
15a41
-a07 (base 16) to base 11
-1a24
Convert -20212210 (base 3) to base 16.
-1398
Convert -385 (base 13) to base 15.
-2b1
What is -11000 (base 7) in base 14?
-1000
What is 10000001111 (base 2) in base 16?
40f
What is b112 (base 12) in base 10?
19166
Convert -12532 (base 7) to base 13.
-16b1
Convert 250 (base 7) to base 2.
10000101
Convert 234 (base 10) to base 11.
1a3
What is -1461 (base 7) in base 11?
-48a
What is -41041 (base 7) in base 9?
-14614
-938 (base 15) to base 9
-2758
-4a42 (base 14) to base 11
-9843
-18a5 (base 13) to base 8
-7144
What is -210 (base 14) in base 7?
-1120
What is -11320110 (base 4) in base 10?
-24084
314 (base 6) to base 9
141
-11125 (base 6) to base 5
-22230
400031 (base 5) to base 12
72b0
What is 8b9 (base 12) in base 8?
2415
Convert -144011 (base 6) to base 12.
-8007
Convert 2303 (base 8) to base 3.
1200011
Convert 2cab (base 16) to base 5.
331220
Convert 1100120 (base 3) to base 13.
5ac
What is -27d (base 14) in base 11?
-418
What is 15725 (base 11) in base 12?
109b6
Convert 72b (base 14) to base 6.
10311
Convert -13122 (base 5) to base 13.
-61a
What is -10314 (base 6) in base 14?
-730
-958 (base 11) to base 6
-5200
13902 (base 10) to base 6
144210
Convert -1c1a5 (base 13) to base 15.
-1156e
-2427 (base 10) to base 15
-abc
What is -11073 (base 8) in base 2?
-1001000111011
Convert -91b (base 12) to base 4.
-110213
Convert 3519 (base 13) to base 14.
2a0a
1030 (base 6) to base 7
453
What is 304244 (base 5) in base 13?
46b4
What is e25 (base 15) in base 6?
22425
What is 113 (base 4) in base 5?
43
Convert -1107 (base 10) to base 2.
-10001010011
-1010000001 (base 2) to base 3
-212202
What is 222220210 (base 3) in base 2?
100110010100111
What is -2357 (base 13) in base 6?
-35005
What is -317 (base 14) in base 12?
-429
Convert 2016 (base 8) to base 9.
1373
Convert 1646 (base 14) to base 9.
5414
Convert 234140 (base 5) to base 16.
21de
-101101111010011 (base 2) to base 3
-1012020122
1416 (base 7) to base 8
1050
Convert 11101111110 (base 2) to base 6.
12514
Convert -104 (base 10) to base 2.
-1101000
Convert -3211 (base 6) to base 2.
-1011010111
382 (base 13) to base 5
4423
What is 330 (base 6) in base 8?
176
d5d (base 14) to base 15
ba6
What is -100012 (base 3) in base 6?
-1052
-100100011 (base 2) to base 3
-101210
Convert -24003 (base 5) to base 11.
-1354
-502 (base 14) to base 7
-2602
-3303 (base 4) to base 3
-100000
Convert 1042100 (base 5) to base 6.
221104
-222223 (base 5) to base 14
-2bc1
What is 475 (base 11) in base 12?
3b2
2323 (base 11) to base 6
22042
Convert 1b207 (base 14) to base 10.
68999
-189a (base 11) to base 13
-1133
Convert -10b4 (base 12) to base 14.
-972
What is 112222 (base 3) in base 7?
1115
What is -104200 (base 5) in base 14?
-14a7
Convert -443 (base 16) to base 9.
-1442
What is 1997b (base 14) in base 3?
10022010212
-1933 (base 10) to base 11
-14a8
Convert 1881 (base 10) to base 4.
131121
What is b6 (base 15) in base 4?
2223
11101110101 (base 2) to base 7
5365
Convert -2cc (base 16) to base 15.
-32b
Convert -3c9d (base 14) to base 9.
-15634
What is -1101111000101 (base 2) in base 10?
-7109
What is -94f (base 16) in base 6?
-15011
What is -242431 (base 6) in base 8?
-51523
-6962 (base 14) to base 9
-27108
Convert 26537 (base 10) to base 5.
1322122
What is 3424 (base 5) in base 15?
229
Convert -9a73 (base 11) to base 6.
-141233
127 (base 11) to base 4
2112
What is 355 (base 11) in base 13?
267
Convert 23a (base 16) to base 9.
703
Convert -162 (base 10) to base 15.
-ac
Convert -1b92 (base 13) to base 4.
-1001033
Convert 2747 (base 10) to base 4.
222323
What is 35414 (base 8) in base 7?
62033
What is 11569 (base 12) in base 4?
11223201
Convert 23121033 (base 4) to base 15.
dc66
What is -2200001 (base 3) in base 8?
-3631
What is 2218 (base 15) in base 4?
1300313
1512 (base 10) to base 5
22022
What is -130012 (base 4) in base 5?
-24143
What is -31462 (base 7) in base 12?
-460a
Convert -b3b (base 14) to base 3.
-10000211
Convert -48a (base 15) to base 16.
-406
-21333 (base 6) to base 10
-2937
What is -605 (base 9) in base 4?
-13223
Convert 45082 (base 9) to base 6.
350415
Convert -5378 (base 12) to base 3.
-110120102
Convert -101100010101 (base 2) to base 15.
-c92
Convert -14 (base 15) to base 9.
-21
What is -4a2a (base 13) in base 6?
-120402
25c (base 15) to base 9
656
What is -24c6 (base 13) in base 12?
-3040
-723 (base 8) to base 11
-395
What is -329 (base 10) in base 13?
-1c4
What is -2704 (base 13) in base 9?
-7581
-2065 (base 9) to base 13
-8c9
1144 (base 8) to base 2
1001100100
Convert -7107 (base 10) to base 14.
-2839
-4b43 (base 14) to base 11
-9a02
-10000000121 (base 3) to base 10
-59065
Convert 11110211 (base 3) to base 7.
12340
What is -6620 (base 10) in base 16?
-19dc
What is 1132534 (base 6) in base 14?
176b0
What is 32322 (base 5) in base 14?
b40
52435 (base 10) to base 2
1100110011010011
What is 9171 (base 12) in base 7?
64003
55d (base 15) to base 11
a03
-190 (base 10) to base 7
-361
5eed (base 15) to base 6
233424
-28a4 (base 13) to base 3
-22001210
What is 4401202 (base 5) in base 15?
1741c
What is -1115 (base 11) in base 13?
-88c
What is 1001001110 (base 2) in base 6?
2422
-1482 (base 9) to base 6
-5115
104117 (base 8) to base 7
203510
What is 32321 (base 4) in base 2?
1110111001
What is -100032 (base 5) in base 15?
-de7
4127 (base 11) to base 6
41202
Convert -566 (base 10) to base 2.
-1000110110
What is -29c9 (base 14) in base 4?
-1310011
What is 122120 (base 3) in base 15?
219
e3 (base 16) to base 14
123
Convert -35744 (base 8) to base 2.
-11101111100100
Convert 35b (base 12) to base 2.
111110111
Convert -1320 (base 4) to base 15.
-80
Convert 11215 (base 6) to base 10.
1595
What is -1453c (base 13) in base 3?
-1221110111
-443542 (base 6) to base 2
-1001000100010110
What is -af2 (base 16) in base 13?
-1377
Convert 1891 (base 12) to base 11.
2278
What is -368 (base 13) in base 8?
-1121
What is -123310 (base 4) in base 5?
-24110
-88220 (base 9) to base 16
-e484
Convert 12625 (base 11) to base 3.
220202202
Convert 1275 (base 10) to base 2.
10011111011
Convert -3211001 (base 4) to base 10.
-14657
Convert 6fa1 (base 16) to base 5.
1403302
Convert -3120 (base 5) to base 11.
-343
What is -115a7 (base 11) in base 14?
-6126
What is 543015 (base 6) in base 11?
30668
What is 11010111010 (base 2) in base 3?
2100210
Convert 12000022 (base 3) to base 11.
2821
Convert 12125 (base 7) to base 2.
110001010011
-250 (base 10) to base 11
-208
-177 (base 16) to base 8
-567
Convert -1011111000101 (base 2) to base 6.
-44101
What is -66287 (base 9) in 